 what is -d9ad + 1?
-d9ac
In base 16, what is 4 - 3329b6?
-3329b2
In base 15, what is 104 - -37e15?
38019
In base 11, what is 6539a326 - 1?
6539a325
In base 4, what is -1 - 1133123212112?
-1133123212113
In base 15, what is 6d + 1ebe4?
1ec62
In base 14, what is 4c + -16a8cc?
-16a880
In base 13, what is 2 + -1026b91?
-1026b8c
In base 14, what is -2d817 + 292?
-2d565
In base 16, what is -a6e809 + -6?
-a6e80f
In base 6, what is -1012440035 + -14?
-1012440053
In base 5, what is 20 - 403302132?
-403302112
In base 10, what is 96453883 - 6?
96453877
In base 4, what is 1011233131 - -202203?
1012102000
In base 3, what is 10100 - -11010010200?
11010021000
In base 16, what is 1c8f5 + -2c9?
1c62c
In base 14, what is 166dd506 - -4?
166dd50a
In base 9, what is 6586526 + -2?
6586524
In base 14, what is 10cb3 + -3282?
ba31
In base 16, what is -2a9fe0c - 0?
-2a9fe0c
In base 10, what is -4 - 248369?
-248373
In base 16, what is -a648e - -17?
-a6477
In base 16, what is 3 + aa03bf?
aa03c2
In base 2, what is 111 + 110011100010100010001001?
110011100010100010010000
In base 11, what is 2a862 - 3a3?
2a46a
In base 13, what is 8b166 - 891?
8a5a5
In base 13, what is 4504 + 7c86?
c48a
In base 14, what is -1 - -b9b8d?
b9b8c
In base 10, what is -91327 + -27?
-91354
In base 8, what is 36657075 - 1?
36657074
In base 12, what is 5 + -4b25762?
-4b25759
In base 16, what is -275f0 + -40?
-27630
In base 16, what is e755d + -2c?
e7531
In base 11, what is 663 - -377422?
377a85
In base 16, what is 183 + -3e9c?
-3d19
In base 11, what is -56956 + -4?
-5695a
In base 13, what is 2aa + -4429?
-414c
In base 7, what is 12566622 + -2?
12566620
In base 4, what is -31232021010 - 0?
-31232021010
In base 8, what is -11300 - -43?
-11235
In base 2, what is -10 - -111101101100100011110111110?
111101101100100011110111100
In base 16, what is -3ab + 232f0?
22f45
In base 11, what is a335a6 + 25?
a33620
In base 6, what is -25 - -33305200?
33305131
In base 4, what is 1001 + 21300103?
21301110
In base 13, what is cc3c1c + -7?
cc3c15
In base 16, what is 2a0a4a + -2?
2a0a48
In base 4, what is 2322301 + -21131?
2301110
In base 8, what is 3 + -353610106?
-353610103
In base 10, what is -233 + 112065?
111832
In base 4, what is -331222220 - -3101?
-331213113
In base 12, what is 403905 + -3?
403902
In base 13, what is 0 - 1104b1?
-1104b1
In base 5, what is -3324420010 - -1?
-3324420004
In base 13, what is 46 + c128?
c171
In base 5, what is -1022100 - 10334?
-1032434
In base 6, what is -410132331525 - -2?
-410132331523
In base 6, what is 354413145 + -1?
354413144
In base 5, what is 21122213331 + 3?
21122213334
In base 14, what is c5186 + d6?
c527c
In base 8, what is -1 - 1010473067?
-1010473070
In base 15, what is -61 + 1aad6?
1aa75
In base 12, what is 13883424b - -1?
138834250
In base 8, what is -11544 - -35010?
23244
In base 3, what is -2210101 + 1010100002?
1000112201
In base 7, what is -3 + -33501614?
-33501620
In base 16, what is 287868 - 64?
287804
In base 2, what is -11001 - -101000100111100110?
101000100111001101
In base 14, what is -17 + -1d04283?
-1d0429a
In base 3, what is 10220201102220 + 22?
10220201110012
In base 7, what is -5 - 1606152153?
-1606152161
In base 11, what is -144111 + -10?
-144121
In base 7, what is 4031 - 14043?
-10012
In base 9, what is -3 - 6632317?
-6632321
In base 3, what is 12 + -10222012112120022?
-10222012112120010
In base 6, what is -403 + 501420?
501013
In base 4, what is -11333320313 + -13?
-11333320332
In base 5, what is 1043 + -22214202?
-22213104
In base 7, what is -302010 - -161?
-301516
In base 4, what is 1122321223121 + 11?
1122321223132
In base 9, what is -7 - -6845653?
6845645
In base 2, what is -11011000110 - -1011001001111110?
1010101110111000
In base 10, what is -2360 + -3975?
-6335
In base 9, what is 4 + -20810178?
-20810174
In base 4, what is -112100 - -1013031?
300331
In base 3, what is 2110002010210220 - 111?
2110002010210102
In base 15, what is -4 + 2c26c1?
2c26bc
In base 9, what is -343788 - -65?
-343723
In base 8, what is -5431 - -6503?
1052
In base 16, what is -1604c - -39?
-16013
In base 11, what is -592a461 - -2?
-592a45a
In base 5, what is 3 - -2240203042?
2240203100
In base 7, what is 6614444326 + 5?
6614444334
In base 11, what is 17 - a26082?
-a26066
In base 11, what is 2 - 116aa51?
-116aa4a
In base 16, what is -3842e + -7a?
-384a8
In base 14, what is -146ab0d - 49?
-146ab58
In base 6, what is 134252442 - -120?
134253002
In base 6, what is 305011523 - 254?
305011225
In base 10, what is 20695721 - -20?
20695741
In base 2, what is 110011110 - 101011010?
1000100
In base 13, what is -bacb + -1b1?
-bcac
In base 8, what is -3 + -2636367?
-2636372
In base 15, what is 6 + 33999d3?
33999d9
In base 9, what is -137 + 7513388?
7513251
In base 15, what is 4eb1e10 + -5?
4eb1e0a
In base 9, what is 12324 + 252?
12576
In base 14, what is -da40b - 10?
-da41b
In base 6, what is 1 - -333321034?
333321035
In base 10, what is -1 - 26895084?
-26895085
In base 3, what is -1011100102 + 1200010?
-1002200022
In base 3, what is -1211111 - -12121012112?
12112101001
In base 5, what is 1142320 + -1023233?
114032
In base 9, what is 26077 + 13747?
40835
In base 4, what is -10202210302330 - -3?
-10202210302321
In base 15, what is -ca859 - 1ea?
-caa54
In base 9, what is -448045741 + 4?
-448045736
In base 2, what is -1000100000110 - -101001000?
-111110111110
In base 6, what is -15232234250 + -1?
-15232234251
In base 9, what is 52675 + 725?
53511
In base 8, what is 32020 + 1614?
33634
In base 2, what is -11011111100111 - 1000000001101?
-100011111110100
In base 13, what is -61 + 169c19?
169b88
In base 15, what is 4303b + -2?
43039
In base 12, what is 1b8 + 2003?
21bb
In base 13, what is -154a37 - -337?
-154700
In base 8, what is 13153 + -7543?
3410
In base 12, what is 8 + 2768454?
2768460
In base 10, what is -96353 - -399?
-95954
In base 2, what is 10 - -1000001000001110111000000?
1000001000001110111000010
In base 14, what is -c2c - d1062?
-d1c90
In base 8, what is 5 - -1037762731?
1037762736
In base 11, what is -1051 - 5650?
-66a1
In base 4, what is -233232 + -12320330?
-13220222
In base 3, what is -1100 - 100002121110120?
-100002121111220
In base 2, what is 10110110101010 + 110001110001?
11101000011011
In base 8, what is -3 + -35533713?
-35533716
In base 14, what is c259c - -194?
c2752
In base 9, what is 3 + -207645318?
-207645315
In base 8, what is 4215 + -7155?
-2740
In base 6, what is 1445131555 - 0?
1445131555
In base 3, what is 20212201201122 + 1?
20212201201200
In base 2, what is 101 + 1111110000100000010101011?
1111110000100000010110000
In base 14, what is -170b303 - -1?
-170b302
In base 3, what is 121101111120122 - -2?
121101111120201
In base 6, what is 44311 - 20145?
24122
In base 10, what is 157350 + 112?
157462
In base 7, what is 32422 + -3511?
25611
In base 4, what is -1323201031 + 1211?
-1323133220
In base 11, what is 686081 - 93?
685a99
In base 13, what is -10cb66 - -60?
-10cb06
In base 5, what is 13042242314 + 140?
13042243004
In base 4, what is -32 - -1211130102?
1211130010
In base 9, what is 11 - -11715072?
11715083
In base 16, what is 2 - -31a49?
31a4b
In base 11, what is 3 + 673495?
673498
In base 7, what is 12145356 + -130?
12145226
In base 13, what is 2 + -52b80?
-52b7b
In base 3, what is 1110221102012 + 1000?
1110221110012
In base 7, what is -44031 + 324?
-43404
In base 4, what is -130 - 30200123332?
-30200130122
In base 16, what is ce98c68 - -4?
ce98c6c
In base 6, what is -210215335 - 252?
-210220031
In base 15, what is -848 - -1211?
8b8
In base 15, what is -20 + -100466c?
-100468c
In base 2, what is -1001110000111 - 111101011011?
-10001011100010
In base 16, what is -13 + 7c5ab?
7c598
In base 10, what is 205016 - 13?
205003
In base 5, what is 0 + -422342431?
-422342431
In base 5, what is -3340 - -242442430?
242434040
In base 13, what is 28549 + 15?
28561
In base 12, what is 4a436504 - -1?
4a436505
In base 11, what is 5554 + -4a8?
5057
In base 15, what is 26bdae - 2?
26bdac
In base 7, what is 553505 - 43?
553432
In base 14, what is bc7d4 - 3?
bc7d1
In base 2, what is -111010 - 101010010001010101101?
-101010010001011100111
In base 7, what is -1301442 + 1163?
-1300246
In base 4, what is 200213030 - -102323?
200322013
In base 16, what is 206a + -2d2?
1d98
In base 1